e greatest common factor of r and 4.
4
Let g(b) = -b**2 - 9*b - 14. Suppose 0 = -s + 3*f, -2*s + 6*f - 1 = f. Let a be g(s). Calculate the greatest common factor of a and 12.
4
Let i = 55 + 41. Calculate the greatest common divisor of i and 24.
24
Let d = 72 + -16. Calculate the highest common factor of 7 and d.
7
Let x be ((-2)/4)/(1*(-4)/800). Suppose -5 - x = -5*i. Calculate the highest common divisor of i and 189.
21
Let s = 252 - 21. Suppose -75*w = -78*w + 2*r + 73, 0 = 4*r + 20. What is the highest common factor of s and w?
21
Suppose -3*f + 69 = 4*b - 148, 0 = -3*f - 5*b + 212. What is the highest common divisor of 1817 and f?
79
Let h(s) = -3*s + 156. Let a be h(26). Calculate the greatest common factor of a and 52.
26
Let q = -1 - -45. Suppose 5*u = o + 324 + 2, 5*u - 2*o = 322. Calculate the highest common factor of u and q.
22
Let a(w) = w**3 - 9*w**2 + 16*w - 2. Let b be a(7). Suppose -5*v - 5 = 4*r - 11, 4*v = -4*r + 8. What is the highest common factor of b and r?
4
Let v = 2840 - 2819. What is the greatest common divisor of v and 861?
21
Let r = 416 - 352. What is the highest common factor of 8 and r?
8
Let r = 967 + -832. What is the greatest common factor of r and 27?
27
Let o(v) = 24*v - 36. Let t be o(2). What is the highest common divisor of t and 132?
12
Let y = -152 - -181. Calculate the highest common divisor of y and 116.
29
Suppose 51*u + 120 = 52*u. What is the greatest common factor of 270 and u?
30
Let h = 5910 - 3589. What is the greatest common divisor of h and 11?
11
Let j = -63 + 78. Let p = 34 - -11. Calculate the highest common factor of p and j.
15
Let d be (-5 - 1) + 40 - 4. Calculate the highest common divisor of 330 and d.
30
Let l be 4*(-1)/(-4) - -3. Suppose 3*c - 4*h = -9 + 22, l*c - 10 = -2*h. Calculate the greatest common divisor of 2 and c.
1
Suppose -148 = v - 3*v. Let h be 1 + -2 + 9 + 2. Suppose 5*o + h = 0, 0*o - v = -3*p + o. What is the highest common divisor of p and 3?
3
Let u(i) = i**3 + 11*i**2 + 6*i + 13. Let q be u(-11). Let m be (-3)/(-6) + (-49)/14 - q. Calculate the highest common factor of m and 20.
10
Let k(h) = h**2 - 5*h + 2. Let a(n) = 3*n + 21. Let c be a(9). Suppose c = 3*f + 3*f. Let i be k(f). Calculate the greatest common factor of 39 and i.
13
Let y = 184 + -154. Calculate the greatest common factor of 3 and y.
3
Suppose -24*n + 4*n = -20. What is the highest common divisor of n and 9?
1
Suppose -3*h - 312 = -3*g, -g + 3*h + 104 = -2*h. Let n be g/(-5) - 3/15. Let j = n - -41. Calculate the greatest common factor of 40 and j.
20
Let c = -7 + 9. Suppose c*r = 3*r - 25. Suppose -n = -6*n + 3*i + 53, 2*n - 5*i = r. Calculate the greatest common divisor of 4 and n.
2
Suppose -1485 = -5*a - 12*t + 9*t, -3*a + 3*t = -891. Calculate the greatest common divisor of 264 and a.
33
Let n be (-2 - -5)/(6/144). What is the highest common divisor of n and 60?
12
Let g be (2 + (-256)/40)*(-2 + -3 - 0). Let y(q) = 18*q**2 + 4*q - 3. Let i be y(2). What is the greatest common factor of g and i?
11
Let d = -1935 - -2010. What is the highest common factor of d and 600?
75
Let s(c) = -5*c - 27. Let h be s(-9). What is the greatest common factor of 18 and h?
18
Let p be (176/(-24))/((-2)/6). Suppose 0 = 4*l - p - 42. Calculate the highest common factor of l and 64.
16
Suppose -4*x = -6*x + 470. Suppose x = -2*z + 7*z. Suppose -z = -3*m - 11. What is the greatest common factor of 6 and m?
6
Suppose -4*x = -9*x + 20. Suppose -57 = -x*u + u. Let h be -8 + u - 2*1. Calculate the greatest common factor of 18 and h.
9
Let v = -1216 + 1458. What is the highest common divisor of v and 22?
22
Let m be (-7)/(-2) + (-30)/(-20). Let r be 1/5*m - -76. Suppose -2*b = -2*j - b + r, 2*j - 74 = 2*b. Calculate the greatest common factor of j and 5.
5
Let q = 175 - 179. Suppose -5*p = -h + 88, 5*p = 3*h - 8*h + 530. Let c = h + q. Calculate the greatest common divisor of c and 11.
11
Let n be (-375)/(-35) - 4/(-14). Let c be ((-2)/(-2))/(3/6). Suppose c*m - 102 - 74 = 0. What is the highest common factor of n and m?
11
Suppose -107 = -5*y - 3*t, -y - 3*y = -4*t - 92. Let f be (8/(-3))/((-4)/66). What is the highest common factor of y and f?
22
Let t be (-2)/3 + (-170)/6. Let q = t - -30. What is the greatest common divisor of q and 7?
1
Suppose -2*o = 3 - 9. Suppose -r = -o*r + 148. Suppose -6*h = -58 - r. Calculate the highest common divisor of h and 55.
11
Let s(y) = 7 + 12 - 3 + 6 - y. Let t be s(0). Suppose 0 = -5*x - 345 + 1115. Calculate the greatest common divisor of x and t.
22
Suppose 2*b = 5*b - 99. Calculate the highest common factor of 11 and b.
11
Suppose 990 = 3*w - 2*l, 340 = 2*w - w - 4*l. Let z = w + -42. Calculate the greatest common divisor of 26 and z.
26
Suppose -51 = -15*t - 6. What is the greatest common divisor of t and 219?
3
Let q be (24/22)/(44/726). What is the greatest common factor of q and 6?
6
Let g be (160/(-280))/((-2)/14). Suppose -3*p = -6*p + 3. What is the greatest common divisor of p and g?
1
Suppose 2*l = 2*o + 28, -5*l - 3*o - 31 = -101. Calculate the greatest common factor of 42 and l.
14
Suppose -14*o + 1776 = 23*o. Calculate the highest common factor of 528 and o.
48
Let s be 7/(-28) + (-66)/(-8). Let k be (-226)/(-8) + 6/s. Suppose 0 = -3*a + 4*a - 29. Calculate the greatest common divisor of a and k.
29
Suppose -5*b = 4*w + 6 + 9, 0 = -b + 5*w - 3. Let p be (56/12 + -2)*b. Let q = p - -44. What is the greatest common factor of 24 and q?
12
Suppose -199*v + 190*v + 8586 = 0. What is the highest common divisor of 212 and v?
106
Let a be (-2)/4 + (-4)/((-80)/5050). What is the greatest common factor of a and 72?
36
Let g be 4/(2/(-2 + 3)). Suppose -3*b - 18 = l - 569, -g*l + 920 = 5*b. Calculate the highest common divisor of b and 14.
14
Let u(a) = -31*a + 4. Let v be u(-4). Let j be (6/9)/(4/222). Suppose 2*i + 5 = j. Calculate the greatest common divisor of v and i.
16
Let s be 48/112 - (-1)/(-7)*-375. Calculate the highest common factor of s and 45.
9
Let b(s) = -s**2 + 5*s - 2. Let z be (6/(-16))/((-4)/32). Let w be b(z). What is the greatest common divisor of 44 and w?
4
Let a(z) = 3*z**2. Let n be a(-1). Let k be 9/(-3) + 18/n. Suppose 5*t - 5*p - 35 = 0, 2*t + 3*p + 17 = k*t. What is the highest common factor of 5 and t?
1
Let w be ((-315)/(-2))/7*(-22 - 0). Let f be (-24)/9*w/10. What is the greatest common divisor of 12 and f?
12
Let c be (3 - 4)*-7 + 91. Calculate the greatest common factor of 70 and c.
14
Let i be ((-6)/14)/((-4)/28). Suppose 5*v - i*v = 64. Calculate the highest common divisor of 80 and v.
16
Let u = -125 - -177. What is the greatest common factor of u and 39?
13
Let v = 8 - 5. Let s be v/((-5)/((-27550)/15)). Suppose x + 2*x - 5*t = s, 0 = -4*x - 4*t + 1480. What is the greatest common divisor of 41 and x?
41
Let k = -75 - -78. Suppose -6*m = -4*x - 3*m + 35, -5*x + 42 = -2*m. Let z(f) = f + 1. Let j be z(x). What is the greatest common factor of k and j?
3
Let d be ((35 - 4) + 2)/(2 - 1). What is the greatest common divisor of d and 429?
33
Suppose 1020*p - 1025*p + 135 = 0. What is the highest common factor of 423 and p?
9
Let i be 4/(-6) + 451/33 + 19. What is the highest common divisor of 52 and i?
4
Suppose -16 = 2*g + 2*g. Let q(j) = -j**3 - 2*j**2 - j + 2. Let a be q(g). Suppose -4*l + a = -66. Calculate the greatest common divisor of 26 and l.
26
Suppose 7*o - 145 = -26. Calculate the greatest common factor of o and 493.
17
Let v be (-7 + 3 + -1*5)*-4. Let w = -12 - -72. What is the highest common divisor of w and v?
12
Let r(n) = 18*n - 210. Let o be r(15). Suppose 8*q - 3*q = -4*t - 732, t - 3*q + 183 = 0. Let w = t + 333. What is the greatest common divisor of w and o?
30
Let a(d) be the second derivative of d**5/20 + d**4/12 - 2*d**3/3 + 5*d**2/2 + 11*d. Let r be a(2). Calculate the greatest common divisor of r and 63.
9
Suppose -14*c - 591 + 3363 = 0. Calculate the greatest common factor of 54 and c.
18
Let x(f) = -3*f + 4. Let a(t) = -t - 10. Let n be a(6). Let j be x(n). What is the highest common factor of j and 130?
26
Let a(u) = 13*u**3 + 4*u + 1. Let n be a(3). Let k be 1/(-3) - n/(-12). Let h = 16 - -4. What is the greatest common factor of k and h?
10
Suppose 4*x = -3*x + 35. Let v(b) = 2*b**2 - 8*b + 7. Let c be v(x